rue
Is 10 a factor of 4866?
False
Is 43 a factor of 11875?
False
Does 40 divide 6800?
True
Is 6 a factor of 6047?
False
Is 11 a factor of 35420?
True
Does 10 divide 12110?
True
Is 220 a factor of 9587?
False
Is 203 a multiple of 7?
True
Does 15 divide 2175?
True
Does 10 divide 1100?
True
Is 9633 a multiple of 169?
True
Does 70 divide 43890?
True
Is 2601 a multiple of 51?
True
Does 6 divide 294?
True
Does 20 divide 4293?
False
Does 15 divide 33991?
False
Does 21 divide 24927?
True
Is 262 a factor of 28034?
True
Is 29 a factor of 6115?
False
Is 18 a factor of 43253?
False
Is 463 a multiple of 14?
False
Does 23 divide 929?
False
Is 10 a factor of 76?
False
Is 11 a factor of 164?
False
Is 54 a factor of 824?
False
Does 59 divide 12548?
False
Is 266 a multiple of 14?
True
Does 173 divide 16420?
False
Is 9767 a multiple of 27?
False
Does 65 divide 21970?
True
Is 3 a factor of 1158?
True
Does 58 divide 5104?
True
Does 7 divide 1400?
True
Does 12 divide 22628?
False
Is 15 a factor of 225?
True
Does 59 divide 6584?
False
Is 13 a factor of 1014?
True
Is 3129 a multiple of 2?
False
Does 5 divide 10053?
False
Is 6960 a multiple of 15?
True
Is 7 a factor of 98?
True
Is 938 a multiple of 19?
False
Is 2444 a multiple of 11?
False
Does 14 divide 17695?
False
Does 23 divide 18377?
True
Does 4 divide 131?
False
Is 669 a multiple of 7?
False
Is 4996 a multiple of 10?
False
Is 28 a factor of 10500?
True
Does 14 divide 42856?
False
Does 82 divide 27470?
True
Is 368 a multiple of 14?
False
Is 61 a factor of 4145?
False
Is 31 a factor of 9021?
True
Is 318 a multiple of 49?
False
Is 8 a factor of 1271?
False
Is 185 a multiple of 5?
True
Does 48 divide 240?
True
Is 858 a multiple of 22?
True
Does 23 divide 352?
False
Does 35 divide 824?
False
Does 37 divide 951?
False
Is 13 a factor of 23907?
True
Is 23 a factor of 31449?
False
Is 2169 a multiple of 52?
False
Is 436 even?
True
Is 45 a multiple of 3?
True
Is 6 a factor of 27230?
False
Is 1887 a multiple of 37?
True
Does 26 divide 497?
False
Is 127 a factor of 5207?
True
Does 21 divide 3238?
False
Does 10 divide 39118?
False
Does 28 divide 784?
True
Does 95 divide 4370?
True
Is 8512 a multiple of 38?
True
Does 13 divide 15482?
False
Is 79 a factor of 3871?
True
Is 38740 a multiple of 149?
True
Is 61 a multiple of 8?
False
Is 43 a factor of 62350?
True
Is 11 a factor of 594?
True
Is 813 a multiple of 62?
False
Does 12 divide 85734?
False
Does 57 divide 285?
True
Does 8 divide 7280?
True
Does 51 divide 5164?
False
Does 8 divide 31229?
False
Does 4 divide 372?
True
Is 146 a factor of 13578?
True
Does 45 divide 2430?
True
Is 2659 a multiple of 64?
False
Does 11 divide 2263?
False
Does 29 divide 26477?
True
Is 11 a factor of 6339?
False
Is 58 a factor of 662?
False
Does 26 divide 1090?
False
Does 16 divide 4015?
False
Is 321 a multiple of 2?
False
Is 18 a factor of 9954?
True
Is 141 a factor of 36544?
False
Is 29312 a multiple of 148?
False
Is 30 a factor of 1174?
False
Is 77 even?
False
Is 60835 a multiple of 115?
True
Is 61 a factor of 5999?
False
Does 133 divide 12502?
True
Is 338 a multiple of 22?
False
Does 9 divide 252?
True
Is 110 a factor of 1148?
False
Is 20 a factor of 169109?
False
Is 4160 a multiple of 40?
True
Is 2496 a multiple of 16?
True
Does 85 divide 407?
False
Does 26 divide 104?
True
Is 49 a factor of 17003?
True
Is 71 a factor of 93847?
False
Is 1120 a multiple of 10?
True
Is 7741 a multiple of 60?
False
Is 184 a factor of 25278?
False
Does 13 divide 192?
False
Does 40 divide 4680?
True
Does 71 divide 1569?
False
Does 8 divide 596?
False
Is 13 a factor of 936?
True
Is 53 a factor of 2107?
False
Does 21 divide 60291?
True
Is 3 a factor of 288?
True
Does 92 divide 23371?
False
Is 21960 a multiple of 12?
True
Is 19 a factor of 16910?
True
Is 73844 a multiple of 382?
False
Is 6535 a multiple of 101?
False
Is 11 a factor of 855?
False
Is 17740 a multiple of 4?
True
Is 9132 a multiple of 12?
True
Does 39 divide 546?
True
Is 7 a factor of 490?
True
Does 13 divide 468?
True
Does 12 divide 2652?
True
Does 17 divide 544?
True
Is 30873 a multiple of 123?
True
Is 55 a multiple of 15?
False
Is 22 a factor of 16170?
True
Is 28 a factor of 323?
False
Does 11 divide 2627?
False
Does 29 divide 522?
True
Is 17 a factor of 2958?
True
Is 3736 a multiple of 56?
False
Is 1563 a multiple of 17?
False
Is 36 a factor of 621?
False
Is 240 a multiple of 12?
True
Is 949 a multiple of 9?
False
Does 49 divide 3002?
False
Is 6 a factor of 504?
True
Is 4 a factor of 478?
False
Is 49 a factor of 98?
True
Is 48 a factor of 11412?
False
Is 20111 a multiple of 488?
False
Does 4 divide 28?
True
Is 4160 a multiple of 15?
False
Does 16 divide 3264?
True
Is 49 a factor of 713?
False
Does 8 divide 2680?
True
Is 5 a factor of 1225?
True
Is 1580 a multiple of 41?
False
Is 59 a factor of 5192?
True
Is 8287 a multiple of 65?
False
Does 15 divide 4338?
False
Does 14 divide 2911?
False
Is 14 a factor of 6034?
True
Is 16 a factor of 256?
True
Does 88 divide 17770?
False
Does 3 divide 3891?
True
Does 17 divide 3825?
True
Is 61939 a multiple of 92?
False
Is 7 a factor of 64729?
True
Does 131 divide 22663?
True
Is 12393 a multiple of 51?
True
Is 5680 a multiple of 40?
True
Is 6974 a multiple of 7?
False
Does 7 divide 78288?
True
Does 19 divide 56145?
True
Does 33 divide 127?
False
Is 9 a factor of 630?
True
Is 1340 a multiple of 20?
True
Is 5534 a multiple of 16?
False
Is 167588 a multiple of 23?
False
Is 43096 a multiple of 19?
False
Does 42 divide 18208?
False
Is 1232 a multiple of 7?
True
Does 27 divide 489?
False
Does 217 divide 10416?
True
Is 9 a factor of 396?
True
Is 378 a multiple of 21?
True
Does 9 divide 2007?
True
Is 20 a factor of 13131?
False
Does 36 divide 290?
False
Does 53 divide 318?
True
Is 2 a factor of 315?
False
Is 31 a factor of 697?
False
Does 117 divide 25974?
True
Is 47 a factor of 3138?
False
Does 9 divide 540?
True
Is 85275 a multiple of 21?
False
Is 37 a factor of 25826?
True
Is 2304 a multiple of 19?
False
Does 16 divide 20720?
True
Is 6 a factor of 233?
False
Does 27 divide 7908?
False
Does 54 divide 4673?
False
Is 18 a factor of 612?
True
Does 13 divide 130?
True
Is 11 a factor of 44759?
True
Is 18 a factor of 2070?
True
Is 4 a factor of 365?
False
Is 874 a multiple of 19?
True
Is 1757 a multiple of 11?
False
Is 126 a factor of 2520?
True
Is 28 a factor of 4061?
False
Is 27189 a multiple of 44?
False
Is 6834 a multiple of 17?
True
Is 39 a factor of 69?
False
Is 9170 a multiple of 2?
True
Is 775 a multiple of 25?
True
Is 34 a multiple of 17?
True
Does 7 divide 338?
False
Is 15 a factor of 59842?
False
Is 134 a factor of 1399?
False
Does 73 divide 730?
True
Does 2 divide 2839?
False
Is 20020 a multiple of 28?
True
Does 7 divide 152?
False
Does 8 divide 96?
True
Does 21 divide 12936?
True
Is 168 a factor of 64126?
False
Does 11 divide 518?
False
Is 11 a factor of 1243?
True
Does 24 divide 3047?
False
Is 36807 a multiple of 137?
False
Is 9660 a multiple of 5?
True
Does 15 divide 900?
True
Is 6219 a multiple of 15?
False
Does 23 divide 3032?
False
Does 58 divide 20822?
True
Is 17 a factor of 30722?
False
Is 5 a factor of 5736?
False
Is 32224 a multiple of 152?
True
Does 4 divide 95?
False
Does 8 divide 304?
True
Does 6 divide 197?
False
Does 3 divide 76?
False
Is 1710 a multiple of 114?
True
Does 59 divide 8739?
False
Is 58 a factor of 836?
False
Is 11 a factor of 11565?
False
Does 6 divide 2100?
True
Does 11 divide 2134?
True
Is 62 a factor of 1217?
False
Is 42541 a multiple of 70?
False
Is 8 a factor of 2912?
True
Is 1457 a multiple of 31?
True
Is 131 a multiple of 15?
False
Is 28500 a multiple of 76?
True
Does 15 divide 630?
True
Is 7780 a multiple of 4?
True
Does 25 divide 13970?
False
Is 138 a multiple of 4?
False
Does 43 divide 64733?
False
Is 6785 a multiple of 28?
False
Does 84 divide 3612?
True
Does 4 divide 1486?
False
Does 100 divide 28200?
True
Is 48 a factor of 1008?
True
Is 46 a factor of 4462?
True
Is 375 a multiple of 20?
False
Is 27 a factor of 46953?
True
Is 61 a factor of 2458?
False
Is 78913 a multiple of 137?
False
Does 5 divide 372?
False
Does 37 divide 22237?
True
Does 82 divide 1066?
True
Does 11 divide 6226?
True
Is 10350 a multiple of 50?
True
Is 1532 a multiple of 79?
False
Does 42 divide 17844?
F